3 + 10*f**2 + 7*f - 52. Is n(9) composite?
True
Let v(x) = -190*x**3 - 7*x**2 - 164*x - 99. Is v(-16) a prime number?
False
Let v = -10990 + 37125. Is v prime?
False
Suppose -5*i + 29*s - 34*s + 98395 = 0, -4*s = 0. Is i a composite number?
True
Let q(d) = -d**3 - 11*d**2 - 3*d - 6. Let g be q(-10). Let n(c) = -717*c**3 - c**2 + 2*c - 1. Let t be n(1). Let r = g - t. Is r composite?
False
Let s = 21213 - 18560. Is s prime?
False
Let i be 10*8/6*(-6 - -9). Let c = i + -48. Let z(x) = -294*x - 17. Is z(c) composite?
True
Suppose -4*y = -24*v + 20*v + 1018896, 1018894 = 4*v - 5*y. Is 24/44 + v/22 composite?
False
Let u = 316370 - 215551. Is u prime?
False
Let a = 456471 - -1035020. Is a a prime number?
True
Let n = 58 - 43. Let r = n + -8. Suppose -4*p - 3*s = -r*p + 501, -3*s - 12 = 0. Is p a composite number?
False
Let k(a) = -156 + 2*a - 24*a**3 + 156 - a**2. Is k(-3) composite?
True
Let k(h) = -11*h - 21. Let w be k(6). Let d = w - -85. Is (d*2/(-4))/(3/2697) prime?
False
Suppose l - 3*p - 58678 = 72073, -p - 130755 = -l. Is l a prime number?
False
Let h(k) = -8*k + 17. Let m be h(3). Let s be -3 - (-3 + 2 + m). Suppose -3*p + 3609 = 3*j, j = -s*p + 236 + 5759. Is p a prime number?
False
Is (-25)/((-100)/1623168) + -7 composite?
True
Suppose 0 = 2436*v - 2431*v - 406225. Is v composite?
True
Let s(b) = b - 5. Let v be s(5). Let g(f) = 2*f**3 - 133*f**2 + 319*f + 66. Let n be g(64). Suppose v = -3*k + k - n*z + 4558, -2*z = -3*k + 6847. Is k prime?
True
Let b = 113 - -2634. Let c = 25 - 17. Suppose 7*s = c*s - b. Is s prime?
False
Let n(l) = -3*l + 21. Let f(j) = j + 1. Let m be f(3). Let y be n(m). Suppose -13*p = -y*p - 3476. Is p a composite number?
True
Is 5/(80/8120468)*(-2 + 6) composite?
False
Let b(d) = -676*d**3 - 4*d**2 - 4*d - 5. Let c(v) = -675*v**3 - 4*v**2 - 3*v - 4. Let p(s) = 5*b(s) - 6*c(s). Is p(1) prime?
False
Let u = 243 - 243. Suppose -6*p + 2*p + 15772 = u. Is p a prime number?
True
Let m(h) = -7400*h + 3557. Is m(-18) a prime number?
False
Let y = 18 - 16. Suppose -13703 = -k - y*t, 6 = -t + 4*t. Suppose 3*f - k = -2*f - 3*p, 0 = 5*f + p - 13703. Is f a composite number?
False
Let o(g) = -4928*g + 31. Suppose -2*r + 9 = -3*p, 10*p - 5*p - r + 22 = 0. Is o(p) prime?
True
Suppose -268*o - 21*o = -32646307. Is o prime?
False
Let g = -7 + 2. Let v(c) = -9*c**3 + 6*c**2 + 7*c + 7. Is v(g) composite?
True
Let g be -5 + ((-6)/(-2))/((-9)/(-21)). Suppose 4*p - 5*b = 5*p - 4583, -g*b = 0. Is p a composite number?
False
Let m be ((-2)/(-5))/((-1)/250*-10). Let s = m + 336. Is s composite?
True
Suppose -5*m + 5*w + 183390 = 0, 3*m + 247*w - 110031 = 251*w. Is m composite?
True
Let y(x) = x**3 - 9*x**2 - 14*x - 2. Let j(b) = b**3 - 9*b**2 - 15*b - 3. Let p be ((-10)/(-6))/(2/6). Let s(i) = p*j(i) - 4*y(i). Is s(14) a prime number?
False
Suppose 170 = 9*r - 253. Let a = -44 + r. Suppose 0 = a*t - 1377 - 1086. Is t composite?
False
Suppose 13*u - 348203 - 3231603 = 598407. Is u a prime number?
False
Let a = -276223 - -952776. Is a prime?
False
Suppose -2*d - 4*j + 17760 + 62550 = 0, 8 = -4*j. Is d composite?
True
Let i be (-2)/4 - 77/(-14). Suppose 4*x - 36 = i*l, -3*l - 19 = -7. Suppose 0 = -3*j - z + 239, 4*z - 2 = -x*j + 322. Is j composite?
False
Let i(v) = -6607*v - 31. Let z be i(-4). Suppose -3*k + 3*q = -z, -5*k - 3*q + 57169 - 13142 = 0. Is k prime?
True
Let r(q) = -83*q + 43. Let f(y) = -165*y + 86. Let j(s) = -3*f(s) + 5*r(s). Suppose -25 = 5*k - 5*v - 75, 2*k = v + 17. Is j(k) prime?
False
Is (-11048296)/(-32) - (-1)/(-4) prime?
True
Let j(u) = 136219*u**2 + 33*u + 22. Is j(-3) composite?
True
Let f be (-12)/(-30) - (-8)/5. Suppose -5*c + 11613 = 3918. Suppose -5*t - s + c = 0, f*t - 929 = -t - 2*s. Is t a prime number?
True
Is (2/(-11) + 7/(-22))*(-9223254)/27 a prime number?
True
Let r = -146 + 160. Suppose -r*b + 117303 = 30797. Is b composite?
True
Let j = -4676 - -7125. Is j composite?
True
Let f = 546486 + -359287. Is f a prime number?
False
Suppose 9*u = w + 7*u + 456, 4*u = 20. Let v(z) = -1078*z + 1. Let x be v(1). Let c = w - x. Is c a composite number?
False
Is (10 - (-22221)/108)/(1*2/40) composite?
True
Let l(n) = -801*n**2 - 18*n + 1. Let i(k) = -1604*k**2 - 35*k + 2. Let s(a) = -3*i(a) + 5*l(a). Is s(5) prime?
True
Let m be (-125)/(-45) - (-4)/18. Let l(d) = 24*d**2 + 45*d - 42. Let c(y) = 6*y**2 + 12*y - 11. Let t(h) = -15*c(h) + 4*l(h). Is t(m) a composite number?
True
Suppose -s = -0*s - 363. Let t = s - -304. Is t a prime number?
False
Let b(n) = 239*n + 20. Let f be b(4). Suppose -4*c + f = -1960. Is c prime?
False
Suppose -5*g - 4*t = 42, 4*g - t = 8*g + 27. Let f be g*(-5 + (-27)/(-6)). Is 1*((f - -211) + -3) prime?
True
Suppose 362476 - 407577 = -3*y + 632530. Is y composite?
True
Let p be (-32)/48 - (-11580)/9. Let j = p - -1947. Is j a composite number?
True
Let a be (5 + -7)/((-1)/(-12)). Is 9/a*-5298 + (-2)/(-8) composite?
False
Let u be 21/6*(-4)/7 + -4. Let m(t) = -8*t - 42. Let r be m(u). Is (r/3 - -3) + 1956 composite?
True
Let t be 260/2730 + 1/(42/(-1880428)). Let k = t + 64583. Is k a prime number?
False
Suppose 5*v = 4*z - 44672, -2*v - 35742 = 2*v - z. Let a = -1869 - v. Is a composite?
True
Let l(q) = 1847*q**2 - 42*q - 51. Is l(-19) composite?
True
Is ((-1062512)/616)/(4/(-7))*48 - 5 a composite number?
False
Let y(b) = 8576*b**2 + 17*b - 22. Let a(h) = -2859*h**2 - 6*h + 8. Let f(p) = 8*a(p) + 3*y(p). Is f(1) prime?
True
Let l(v) be the first derivative of -v**4/4 - 5*v**3 - 17*v**2/2 + v - 31. Is l(-18) composite?
False
Let s = -87557 + 59711. Let n = 39289 + s. Is n prime?
True
Is (22/99)/(16/(-36))*-341234 composite?
True
Is (18658305/(-90))/(-4 + 7/2) a prime number?
True
Let j be (404/4 + 1)*(-69)/(-6). Suppose -j = 5*y - 2*q + 7128, -2*y - 4*q - 3306 = 0. Let d = 2612 + y. Is d prime?
True
Suppose -3*g + 47616 = -2*d + 7*d, 3*g - 47643 = 4*d. Is g a prime number?
True
Is 4/13 - (-233602668)/2028 a prime number?
False
Is 440061/4 + 350/200 a composite number?
False
Let f be (-6)/15 - 1911/(-65). Suppose 12*d = f*d - 73219. Is d composite?
True
Suppose -3*l = u - 4693 - 33416, 25389 = 2*l - 5*u. Let f = -7520 + l. Is f a composite number?
True
Suppose -5048 = -3*c - 17468. Let g = c - -7597. Is g prime?
True
Let k(n) = 19940*n**2 + 672*n + 1341. Is k(-2) composite?
False
Is (-374253)/(-22) + (-7)/14 prime?
True
Let j(n) = -9121*n**3 + 4*n**2 + 104*n + 386. Is j(-5) a composite number?
False
Let v be (-4)/10 - 952364/(-35). Suppose -v = -8*p + 6*p. Suppose -2*b - o = -p, -2 = 3*o + 1. Is b a composite number?
False
Suppose 3910 = -2*i - 4*t, -t - 5850 = 415*i - 412*i. Suppose 0*m = -2*m + 16. Is m/(-32) - i/4 a prime number?
True
Let f be (-4 - (-15)/6)/(1/(-2)). Suppose f*x - 207 = g, 2*g = x + 163 - 562. Let k = -115 - g. Is k a prime number?
True
Let q(t) = t**3 - 12*t**2 - 15*t + 26. Let p be q(13). Suppose p = -3*m + 2*f + 3841, -3*m + 5*m + f = 2549. Is m prime?
True
Suppose 3*i + 209 = -2*k + 64, -4*i - 200 = 4*k. Suppose t - a = 63, 3*t - 286 = -a - 93. Let r = t + i. Is r prime?
True
Suppose 12*k - 1324 = 320. Let g = k + 366. Is g composite?
False
Let i = 8861 - 598. Is i a composite number?
False
Let y be 55002/16 - (-18)/48. Suppose -9*g + 5*g + 5*o = -y, g - 864 = -o. Is g a prime number?
False
Let n = 913 + 604. Suppose -s - 1292 = n. Is 9/(-3) - -1 - s composite?
True
Let q = 189054 - 91951. Is q a composite number?
False
Let y(s) = -8*s**2 + 1907*s - 1921*s - 29 + 28*s**2 + s**3 + 0*s**3. Is y(-18) a composite number?
True
Is (378/(-28) - -12)/(3/(-99454)) a composite number?
False
Let q(f) = -2*f + 57. Let g be q(18). Suppose 606938 = g*p + 93593. Is p prime?
False
Suppose -2*i + 3*i = 5*z - 1620049, 972051 = 3*z + 3*i. Is z prime?
True
Suppose 3*w - 1 + 3 = -2*i, i + 6 = w. Let a(d) = -6*d**2 + 4*d**2 + 2*d + 7 + 0*d**2 + 4*d**w. Is a(-3) a composite number?
False
Suppose -4*t - 131391 = -x, 82546 = x + 5*t - 48908. Is x prime?
False
Is 11536 - (18/8)/(22/(-88)) a prime number?
False
Let t = 894 + 140. Let r = t + -614. Suppose 3*b - 717 = r. Is b composite?
False
Let v = 289 - 285. Suppose 9905 = 3*n + v*r, 630 = n - 5*r - 2659. Is n composite?
False
Suppose 26417 = 5*z - 22148. Let o = z + -5356. Is o composite?
False
Let t = 1555 - 761. Suppose 21*m = 5048